base 14) to base 16
-4a05
What is 2012 (base 3) in base 8?
73
What is -1111100101 (base 2) in base 16?
-3e5
-3302 (base 5) to base 14
-244
Convert 26536 (base 8) to base 3.
120221011
-100111110111 (base 2) to base 5
-40201
Convert 11112211 (base 3) to base 15.
eb1
Convert -300133 (base 6) to base 8.
-55531
-2022021 (base 3) to base 6
-11441
Convert -10001001 (base 2) to base 15.
-92
What is 945 (base 11) in base 5?
14023
Convert 2787 (base 10) to base 9.
3736
2242 (base 6) to base 12
382
What is 16567 (base 8) in base 12?
4447
What is -1666 (base 8) in base 14?
-4bc
-13307 (base 8) to base 7
-23000
Convert -1387 (base 10) to base 9.
-1811
Convert 12010120 (base 3) to base 4.
322131
What is 101 (base 6) in base 7?
52
1212 (base 13) to base 14
d02
Convert 1400 (base 6) to base 10.
360
-4d9 (base 14) to base 7
-2562
What is -102814 (base 9) in base 2?
-1110111011110000
3423 (base 5) to base 12
348
Convert -14430 (base 6) to base 11.
-1821
Convert -608 (base 13) to base 15.
-482
-1157 (base 8) to base 16
-26f
Convert 2350 (base 9) to base 7.
5043
What is -e5 (base 16) in base 9?
-274
Convert 20100 (base 4) to base 5.
4103
1140 (base 5) to base 9
208
What is -2340421 (base 5) in base 10?
-43236
What is 2303020 (base 4) in base 9?
16647
What is 450011 (base 7) in base 6?
1410505
What is -134542 (base 6) in base 10?
-12734
Convert -3100133 (base 4) to base 3.
-200022012
340034 (base 5) to base 2
10111001110110
What is -20223 (base 4) in base 12?
-3a3
Convert 2010232 (base 4) to base 10.
8494
Convert 231100 (base 5) to base 6.
102151
130300 (base 6) to base 4
2313330
Convert -40445 (base 7) to base 8.
-23151
What is -23544 (base 6) in base 12?
-1bb4
What is -46470 (base 9) in base 2?
-111100100011101
1000001001011 (base 2) to base 16
104b
What is -1601 (base 10) in base 2?
-11001000001
Convert -12419 (base 11) to base 4.
-10112033
Convert 1d83 (base 15) to base 12.
3873
What is -1219 (base 12) in base 10?
-2037
What is -453 (base 12) in base 4?
-21333
Convert -164 (base 8) to base 16.
-74
-22151 (base 7) to base 8
-12705
Convert 1010101110 (base 2) to base 5.
10221
What is 45ae (base 16) in base 12?
a3a6
Convert 66350 (base 7) to base 12.
9772
-104033 (base 5) to base 3
-11222221
Convert -13002 (base 4) to base 16.
-1c2
What is -3003131 (base 4) in base 12?
-72a5
Convert -11020110 (base 4) to base 7.
-115155
124 (base 16) to base 4
10210
Convert 24557 (base 8) to base 15.
3222
Convert -1214104 (base 5) to base 9.
-34527
What is 1a26 (base 16) in base 7?
25342
Convert -16304 (base 8) to base 14.
-2980
Convert -1011100010 (base 2) to base 10.
-738
What is -17b7 (base 13) in base 9?
-4752
Convert -42a (base 14) to base 12.
-586
What is -25504 (base 6) in base 15?
-1221
Convert -1100101110111 (base 2) to base 12.
-3933
What is 205 (base 11) in base 3?
100011
10001000001 (base 2) to base 15
4c9
276 (base 16) to base 12
446
What is b434 (base 12) in base 15?
5c34
Convert -33 (base 12) to base 13.
-30
What is 245a (base 11) in base 15?
e41
-1a7 (base 13) to base 15
-156
Convert 1208 (base 12) to base 6.
13212
What is -253444 (base 6) in base 16?
-5944
What is 813 (base 14) in base 2?
11000110001
What is -35014 (base 7) in base 13?
-40ab
What is 1001011001 (base 2) in base 15?
2a1
-1314144 (base 5) to base 10
-26174
868 (base 12) to base 14
640
Convert -215 (base 10) to base 3.
-21222
-6062 (base 13) to base 4
-3033032
-83c4 (base 15) to base 5
-1342414
a3b (base 14) to base 3
2202120
-2758 (base 9) to base 8
-4036
What is 3222 (base 5) in base 10?
437
307 (base 15) to base 3
221021
-19924 (base 12) to base 14
-d9c8
-29324 (base 11) to base 6
-520454
-1338 (base 9) to base 12
-6bb
What is 663 (base 8) in base 4?
12303
-11034 (base 5) to base 12
-541
What is -363 (base 7) in base 13?
-11a
What is 4620 (base 8) in base 4?
212100
What is 3704 (base 16) in base 13?
6545
-9 (base 15) to base 12
-9
63793 (base 10) to base 12
30b01
-3727 (base 8) to base 6
-13143
Convert -8898 (base 11) to base 9.
-17065
What is -4c0 (base 14) in base 12?
-674
10011100111 (base 2) to base 5
20010
What is -45 (base 9) in base 16?
-29
What is -131401 (base 7) in base 5?
-1241200
What is -10 (base 3) in base 6?
-3
What is -3926 (base 14) in base 7?
-41146
Convert 3123321 (base 4) to base 10.
14073
Convert -20120 (base 3) to base 13.
-108
2389 (base 11) to base 3
11021122
Convert -142110 (base 5) to base 15.
-1b3a
-4411 (base 5) to base 12
-426
What is -34827 (base 9) in base 12?
-11574
What is -10023 (base 4) in base 13?
-177
1647 (base 10) to base 8
3157
Convert 102 (base 14) to base 9.
240
Convert -1444 (base 9) to base 2.
-10001000101
What is 24140 (base 8) in base 13?
4921
What is 3b66 (base 12) in base 10?
6846
321451 (base 6) to base 8
63307
Convert 11010011 (base 2) to base 5.
1321
Convert 110100100 (base 2) to base 8.
644
-50 (base 11) to base 12
-47
What is -418 (base 14) in base 3?
-1002212
87d (base 15) to base 2
11101111110
111011 (base 2) to base 3
2012
Convert 47416 (base 10) to base 9.
72034
Convert -2d53 (base 14) to base 16.
-1fad
What is 33423 (base 6) in base 10?
4695
Convert -24332 (base 5) to base 16.
-732
What is 214 (base 15) in base 3?
122101
Convert -39 (base 11) to base 9.
-46
What is 48735 (base 9) in base 2?
111111110100011
4f3 (base 16) to base 7
3460
What is 1a44 (base 12) in base 2?
110010010100
What is -1010100101 (base 2) in base 3?
-221002
What is 4511 (base 8) in base 9?
3231
Convert -6c6 (base 16) to base 5.
-23414
-101010010 (base 2) to base 4
-11102
406 (base 8) to base 16
106
13200131 (base 4) to base 10
30749
What is -2520 (base 12) in base 11?
-3179
-10101 (base 4) to base 7
-540
What is -2045 (base 8) in base 10?
-1061
-1001001 (base 2) to base 6
-201
Convert -113303 (base 4) to base 11.
-1165
What is -44b2 (base 12) in base 3?
-101110022
What is 16a50 (base 11) in base 7?
126441
Convert 1707 (base 10) to base 14.
89d
What is 3d16 (base 14) in base 2?
10101000110000
Convert -65212 (base 7) to base 3.
-211021001
-100000110001 (base 2) to base 11
-1637
Convert -b03 (base 16) to base 15.
-c7e
-5890 (base 11) to base 7
-31341
What is 218d (base 15) in base 6?
52524
-3223 (base 4) to base 3
-22201
699 (base 13) to base 15
510
What is -c36a (base 13) in base 11?
-19289
Convert 2201 (base 5) to base 11.
254
What is -1431 (base 5) in base 12?
-181
3125 (base 13) to base 16
1a87
1303145 (base 6) to base 3
10120222102
What is 20342 (base 5) in base 7?
3633
Convert -23138 (base 10) to base 4.
-11221202
-1212100 (base 5) to base 3
-1011020112
What is 12122 (base 7) in base 2?
110001010000
Convert -111001010 (base 2) to base 5.
-3313
Convert 31312 (base 5) to base 4.
200202
1001100111 (base 2) to base 7
1536
11c5 (base 14) to base 8
6051
3422 (base 5) to base 10
487
Convert -410 (base 12) to base 10.
-588
-745 (base 8) to base 4
-13211
-10010111101010100 (base 2) to base 5
-4441102
-10430 (base 7) to base 8
-5072
-b49 (base 13) to base 12
-1140
665 (base 8) to base 15
1e2
What is 124 (base 9) in base 2?
1100111
Convert 2270 (base 9) to base 3.
2022100
What is -1087 (base 16) in base 2?
-1000010000111
Convert -ba5 (base 14) to base 3.
-10011020
What is -1491 (base 15) in base 8?
-10473
Convert -3390 (base 12) to base 15.
-1a69
Convert -29b83 (base 12) to base 6.
-1131443
Convert -514 (base 7) to base 3.
-100111
Convert 1174 (base 13) to base 9.
3334
What is a643 (base 14) in base 16?
7003
Convert -11100000110 (base 2) to base 16.
-706
-6dac (base 14) to base 8
-45334
What is -26a (base 16) in base 3?
-211220
What is -2100 (base 10) in base 4?
-200310
Convert -2160 (base 7) to base 10.
-777
-2d66 (base 16) to base 2
-10110101100110
Convert 2ba4 (base 12) to base 13.
2473
Convert 95ab (base 12) to base 10.
16403
What is 10001001122 (base 3) in base 16?
e9ae
What is 10000000010010 (base 2) in base 7?
32636
Convert 334 (base 9) to base 7.
541
Convert 1121 (base 8) to base 2.
1001010001
a7 (base 15) to base 12
111
What is 359 (base 11) in base 8?
653
1423210 (base 5) to base 9
44786
What is 482 (base 9) in base 14?
206
What is 1911 (base 11) in base 3?
10100002
Convert 1011110011100 (base 2) to base 15.
1bce
What is -2211100020 (base 3) in base 5?
-3240103
-164a7 (base 13) to base 5
-2330211
What is 2424 (base 14) in base 3?
22122111
What is 41 (base 11) in 